 203?
29
Suppose -3*c + 93 = -3*j, -3*c = -4*j - 25 - 71. Let q = 60 - c. Let l(a) = a**2 + 8. Let b be l(0). What is the highest common divisor of b and q?
8
Let f = 14 + -2. Suppose f = j - 14. Calculate the greatest common divisor of j and 26.
26
Suppose 0 = -2*k - 3*c + 9, 2*c - 4 = -2*c. Let y be (12 - -2)/(2/k). What is the highest common factor of y and 3?
3
Let i be 135/6*(1 - -1). Let m(t) = 2*t**2 - 5*t + 5. Let q be m(5). What is the highest common divisor of i and q?
15
Let m = -31 - -46. Let l be ((-6)/(-8))/(2/8). Suppose -36 = -4*b + 2*v, -l*v - m = -3*b + 9. What is the greatest common factor of b and 60?
10
Let g(k) = -6*k - 1. Let d be g(-3). Let a be 316/10 - 12/20. Let o = 65 - a. What is the greatest common factor of d and o?
17
Let h = 49 + -32. Suppose f - k = 4*f - 409, f - 2*k = 134. What is the highest common divisor of h and f?
17
Let d = 182 + -56. Calculate the greatest common factor of 14 and d.
14
Let j = -17 + 11. Let a be (-868)/(-24) + 1/j. What is the greatest common factor of a and 90?
18
Suppose 2*y + 3*a = 36, -43 = -3*y + a + 33. What is the highest common factor of y and 3?
3
Let n(m) = 20*m**3 - 1. Let b be n(1). What is the greatest common divisor of 57 and b?
19
Let a = -1 - -6. Suppose -a*n + 3*n = -32. Suppose 241 - 1121 = -5*i. What is the highest common divisor of i and n?
16
Suppose -37 - 49 = -4*j - 3*b, 0 = -j + 5*b + 10. Suppose 2*z = -2*u - 2*u + 116, -5*z = -5*u - 305. Calculate the greatest common divisor of j and z.
20
Let n = -19 - -5. Let t = n - -25. Let q = t - 2. What is the greatest common divisor of q and 1?
1
Suppose 3*w - 7*w + 16 = 0. Let i(a) = a**3 + 10*a**2 - 10*a + 2. Let b be i(-11). Let u = 1 - b. Calculate the greatest common divisor of u and w.
2
Let n = -35 - -60. Let z(g) = n*g - 2 + 3 - 1 - 1. Let i be z(1). What is the greatest common factor of i and 6?
6
Suppose -3*l - 9 = -15. What is the greatest common divisor of 5 and l?
1
Let q = -819 - -1189. Suppose 0*a + 278 = 4*a - 5*n, -5*n = 5*a - q. Calculate the greatest common divisor of 9 and a.
9
Suppose -179 = -2*l + 2*h + 55, h - 117 = -l. Calculate the greatest common factor of 13 and l.
13
Let k = 484 + -322. Calculate the highest common factor of k and 18.
18
Suppose r - 2*n = n - 3, 6 = 3*n. Suppose r*q + 15 = 4*q. Suppose -2*a = -5 - 1. Calculate the highest common factor of a and q.
3
Suppose -3*i + 2*n = 46 - 198, 0 = 2*i - 3*n - 108. Calculate the highest common divisor of i and 32.
16
Suppose 19 = -2*c + 1. Let x(w) = w**2 + w + 5. Let v be x(c). Let u be (-2 + 1)/((-1)/11). What is the greatest common divisor of v and u?
11
Let d be (-1 - 0)/((-2)/(-38)). Let b = d + 96. Suppose -11 = -q - 2*v, -5*q - 2*v + 39 = -0*q. What is the highest common divisor of q and b?
7
Let x(r) = r**2 - 4*r + 5. Let z be x(4). Let m = z + -4. Calculate the highest common factor of m and 1.
1
Let x(u) = -u**3 + 5*u - 6*u**2 + 5 + 3*u**2 - 2*u**2. Let k be x(-7). Calculate the highest common divisor of 17 and k.
17
Let x be 3*-19*(-1)/3. Let g(z) = 2 + 11*z**2 + 2*z**2 + 1 - z**2 - 6*z. Let y be g(4). What is the highest common divisor of x and y?
19
Let y = 3 - -67. Calculate the highest common divisor of y and 14.
14
Let x = 181 - 111. What is the highest common divisor of 35 and x?
35
Suppose 2*p = 6*p - 8, -5*p = -5*a + 20. Let o(s) = -s + 8. Let i be o(a). What is the greatest common factor of 3 and i?
1
Suppose 56 + 88 = 4*v. Suppose 0 = 4*k - v + 12. Suppose -7*u + 25 + 17 = 0. What is the highest common divisor of k and u?
6
Let s = 48 + -33. Calculate the greatest common divisor of s and 75.
15
Let b = 8 - -16. Suppose u - b = -u. Suppose 25 = x + 5*q, 0 = 4*q + u. What is the highest common divisor of x and 5?
5
Let h(q) = 9*q - 2. Let n be h(6). What is the highest common factor of n and 13?
13
Let d(q) = -2*q**3 - 7*q**2 - 7*q - 2. Let a be d(-5). Let n = 32 + -20. Calculate the greatest common factor of n and a.
12
Let a(z) = -z + 21. Let p be a(10). Calculate the greatest common factor of p and 33.
11
Let w = -75 + 107. Calculate the highest common divisor of w and 128.
32
Let l be 0 + (2 + 0 - -1). Let g = 4 - -1. Suppose g*o - 6 = 3*o. Calculate the greatest common factor of l and o.
3
Suppose 7 = -5*o + 157. Let v be 4/(-8) - (-26)/4. What is the greatest common factor of v and o?
6
Let c be ((-24)/10)/(11/55). Let o be (-5 + c)/(-2 + 1). Calculate the highest common divisor of 68 and o.
17
Suppose 3*p - 234 = -z, -4*z - 228 = -3*p - 3*z. Let x be 2/(2/p) + 3. Calculate the greatest common factor of x and 16.
16
Let t(u) be the third derivative of 4*u**2 + 0*u + 5/12*u**4 + 1/2*u**3 + 0. Let c be t(6). Calculate the greatest common factor of c and 9.
9
Let x(n) = -3*n + 2. Suppose -i + 3*r - 11 = 0, 5*i + 2*r - 22 = 2*i. Let y be x(i). Let z = 18 + y. What is the highest common factor of z and 8?
8
Let y(w) = -w - 14. Let c be y(-16). Calculate the greatest common divisor of 10 and c.
2
Suppose -2*r + 17 - 5 = 0. Let h = -103 + 151. What is the highest common factor of h and r?
6
Let n be 12/9*(8 + -3 - -4). What is the greatest common factor of 108 and n?
12
Let x = 172 + -123. What is the greatest common factor of x and 7?
7
Let p be (-3 + 1)/(1/(-22)). Calculate the greatest common divisor of p and 11.
11
Suppose -244 = -4*j + 2*j - 4*i, 0 = 3*j - 4*i - 416. Let n be 57/4 + 3/(-12). Let f = -2 + n. Calculate the greatest common factor of f and j.
12
Let g = -55 - -79. Suppose 76 = 2*i + 2*c, 0*i - 2*i - 4*c = -80. Calculate the greatest common divisor of g and i.
12
Let i(s) = 3*s**2 - 2*s - 2. Let z be i(-6). Let k = z - 62. Calculate the highest common divisor of k and 14.
14
Let b = 17 + -5. Calculate the highest common divisor of b and 18.
6
Suppose -8 = -2*y - 2*y. Suppose 3*w = -a - y, -2*w - 4 = -2*a - 0*w. Calculate the highest common factor of a and 7.
1
Let s(c) = -c**3 + 8*c**2 + 4*c + 25. Let q be s(8). Calculate the highest common divisor of q and 76.
19
Let l be (0 - (0 + 68))/(-1 - 0). What is the highest common factor of l and 17?
17
Let z = -17 + 33. Suppose 34 = p - 2*p. Let n = p + 178. Calculate the greatest common divisor of n and z.
16
Suppose -17 = 4*k + 3. Let z(j) = 1 - 6*j + j**2 + j + 5*j + 4*j. Let r be z(k). What is the highest common factor of 2 and r?
2
Suppose 5*l - 8 = 3*l, 0 = -5*z - 2*l + 43. Let m(d) = d**2 + 4*d + 3. Let q = 9 + -5. Let g be m(q). What is the highest common factor of g and z?
7
Let f be ((-16)/6)/(6/(-27)). Calculate the highest common factor of f and 72.
12
Let u = -323 + 473. What is the greatest common divisor of u and 60?
30
Suppose j + 2*j - 9 = 0. Suppose 15 = t - 5*v, -t + j = -v - 0. Suppose 0 = -t*l + 4*l - 28. Calculate the greatest common factor of 7 and l.
7
Let p(o) = 5*o**2 - 2*o + 11. Let s be p(3). Calculate the highest common factor of s and 20.
10
Let s = -4 - -2. Let o(i) = 2*i**2 - 4*i + 5*i - i. Let f be o(s). What is the highest common divisor of 8 and f?
8
Let j be (-126)/(-15) - 15/(-25). Calculate the highest common factor of 2 and j.
1
Let m(u) = u**2 - 3*u - 1. Let s be m(4). Suppose -4*y - y = -25. Suppose 1 = t + y*c, 5*t + s*c - 22 = 5. What is the greatest common divisor of 2 and t?
2
Let n(c) = c**3 + 7*c**2 + c + 9. Let u be n(-7). Let x = -3 + u. Let q be 0 + 0 - (-19 + x). What is the greatest common divisor of q and 180?
20
Let l(c) = 6*c. Let x be l(6). Suppose -q = -3*q + x. What is the greatest common factor of q and 2?
2
Let t(g) = -g**3 + 13*g**2 + 16*g - 8. Let o be t(14). What is the highest common factor of 20 and o?
20
Let y(b) = -b**2 - 13*b + 8. Let z be y(-7). Suppose -2*r + 40 = 3*i, -11 = -5*r + 2*i + 89. Calculate the greatest common divisor of r and z.
10
Suppose 5*o = 0, 3*o = -3*f - 2*o - 6. Let g be -33*((-1 - 0) + f). What is the highest common factor of 11 and g?
11
Suppose 15*y = 12*y + 36. What is the greatest common factor of 8 and y?
4
Let t be ((-28)/(-2))/(3/6). Suppose 0 = 2*m - 20 - 8. What is the greatest common divisor of t and m?
14
Suppose 2*z - 5*d = -0*d + 383, -2*z + 375 = 3*d. What is the greatest common factor of z and 27?
27
Suppose 4*y = 30 - 2. What is the highest common divisor of 49 and y?
7
Suppose 0 = -5*c - r + 272, 2*r - 13 = 4*c - 239. Suppose 12 + 4 = 4*i. Suppose i*